t is -23302 - 34130124?
-34203431
In base 13, what is 1521 - b119?
-98c8
In base 12, what is 37584 + 256?
3781a
In base 8, what is -22763475 + -3?
-22763500
In base 16, what is 50db1a + -4?
50db16
In base 4, what is -1010231 - -1101230?
30333
In base 3, what is 1100021212012100 + -1?
1100021212012022
In base 14, what is 9 - 1076b03?
-1076ad8
In base 10, what is -70877463 + 1?
-70877462
In base 5, what is -114 - 4010440?
-4011104
In base 10, what is -8493432 - 0?
-8493432
In base 13, what is -7955a1 - 2?
-7955a3
In base 4, what is -1300130 + 103221?
-1130303
In base 13, what is 5 - -23c34000?
23c34005
In base 11, what is -2041 + -57a7?
-7838
In base 8, what is 560721 + 656?
561577
In base 5, what is -3021130210040 + -3?
-3021130210043
In base 13, what is -10b + 1a5a4b?
1a5940
In base 3, what is -1111200111211 - -21101?
-1111200020110
In base 14, what is 150a5563 - 0?
150a5563
In base 16, what is -13b08f - -19?
-13b076
In base 5, what is 23021240 + -32141?
22434044
In base 16, what is -4 - -1c05f3?
1c05ef
In base 3, what is -122212 + -1210111020?
-1211011002
In base 14, what is -ab15 + 104?
-aa11
In base 11, what is 305112 - 24?
305099
In base 13, what is -4894 - 1a770?
-22334
In base 4, what is -13122 + 33011022?
32331300
In base 3, what is 11101 - 11211022220?
-11211011112
In base 14, what is 787a + 5d4?
8070
In base 4, what is -201002 - 33123?
-300131
In base 12, what is -5b - -21ab13?
21aa74
In base 9, what is 1030 + -48352?
-47322
In base 6, what is 2524 - 25501012?
-25454044
In base 4, what is 1103 - -32123111113?
32123112222
In base 5, what is -30024 - -21302?
-3222
In base 7, what is -3132 - -1116411?
1113246
In base 8, what is -577422564 + 1?
-577422563
In base 11, what is -13755 - -1240?
-12515
In base 11, what is 82a506 + -7?
82a4aa
In base 3, what is 11110021 + -100111002101?
-100022122010
In base 4, what is 322020 + -12000310?
-11012230
In base 8, what is 3 - 16653547?
-16653544
In base 3, what is 1012100111121121 - 2?
1012100111121112
In base 2, what is 1000 + -100101011011100000101?
-100101011011011111101
In base 13, what is -1 - 4015a91?
-4015a92
In base 9, what is -116468 - -181?
-116277
In base 6, what is -452 + -15420521?
-15421413
In base 8, what is 227 - 12202717?
-12202470
In base 4, what is 10 - -20023130321?
20023130331
In base 3, what is -210010220112012120 - 2?
-210010220112012122
In base 13, what is -99cb8c7 - 3?
-99cb8ca
In base 13, what is -42b6 - -13c02?
c919
In base 11, what is -64157a466 - -5?
-64157a461
In base 15, what is -80 - -3c1d1?
3c151
In base 9, what is 746013 + -448?
745454
In base 16, what is 295616 + -16e?
2954a8
In base 6, what is -31443005222 - -5?
-31443005213
In base 10, what is 166668 + 862?
167530
In base 15, what is -804c - 289?
-82d6
In base 3, what is 210021 + -221121?
-11100
In base 10, what is -177 - 377591?
-377768
In base 12, what is 1a03 - -7584?
9387
In base 3, what is -1012011220 - -1?
-1012011212
In base 15, what is 209ac - 2ecd?
1c9ce
In base 15, what is 2ea5ddd - -c?
2ea5dea
In base 14, what is 3c - -21782?
217c0
In base 15, what is 69a93 - a?
69a88
In base 7, what is -1 + 444150315?
444150314
In base 3, what is 2212001 - 101221122?
-22002121
In base 7, what is -1 + 4105053544?
4105053543
In base 10, what is -2 + 5346108?
5346106
In base 16, what is 2 + -4d722f?
-4d722d
In base 5, what is 3 - 320120332243?
-320120332240
In base 16, what is -4 + -2d9ddf0?
-2d9ddf4
In base 4, what is -210 - -3003121200?
3003120330
In base 14, what is 12a962 - 13?
12a94d
In base 3, what is 110211021 + 1001220?
111220011
In base 5, what is -2401 - 31140401?
-31143302
In base 8, what is -11 - -3473123?
3473112
In base 3, what is -2 + 100021222212200?
100021222212121
In base 3, what is 22210211 + 1121012?
101102000
In base 7, what is 2233 + 24343?
26606
In base 2, what is 101 - -10100010111111110000?
10100010111111110101
In base 8, what is 2 + 162436556?
162436560
In base 15, what is -7528d - 242?
-754d0
In base 10, what is -6952 + 5664?
-1288
In base 14, what is c67c - -415?
ca93
In base 14, what is -2141b - 1c19?
-23236
In base 6, what is 3 - 5540232021?
-5540232014
In base 6, what is -4221310235 + 2?
-4221310233
In base 14, what is -12 - -133321?
13330d
In base 3, what is 1001020220 - -10022?
1001101012
In base 15, what is 64c + 126b0?
12d0c
In base 14, what is -1d1c - -335?
-19c7
In base 4, what is -2010333 - 1030120?
-3101113
In base 8, what is -221 - -46251?
46030
In base 10, what is 2677 - -98355?
101032
In base 12, what is 89480940 - -5?
89480945
In base 11, what is -674a74 + 1?
-674a73
In base 13, what is -4c650a + 2?
-4c6508
In base 7, what is 46301 + -30463?
15505
In base 7, what is -5203451 - -5?
-5203443
In base 13, what is c12b49 - 2?
c12b47
In base 3, what is 2020200110202 + 12201?
2020200200110
In base 10, what is -875589 + 236?
-875353
In base 2, what is -111 + 10110010010101000000101?
10110010010100111111110
In base 13, what is -109c745a + -1?
-109c745b
In base 7, what is -1 - -21135515?
21135514
In base 16, what is -c + -19b302a?
-19b3036
In base 12, what is -142678 + 3?
-142675
In base 6, what is -141424 - 130045?
-311513
In base 5, what is 11 + -14132134042?
-14132134031
In base 10, what is -109 + 44593?
44484
In base 13, what is -153 + 185b1?
1845b
In base 7, what is 102145 - -24453?
126631
In base 14, what is 225 + 4c286?
4c4ab
In base 15, what is 69757 - 31?
69726
In base 11, what is -47 - -14a57?
14a10
In base 4, what is 3222113 + 1221333?
11110112
In base 8, what is 25 + -30176?
-30151
In base 11, what is -130 + -146667?
-146797
In base 9, what is 1 - 7472415?
-7472414
In base 10, what is 139423964 + 4?
139423968
In base 9, what is -845686 - -1257?
-844428
In base 3, what is 201222 - -212100112121?
212101021120
In base 2, what is -100011 - -110000110010101100000110?
110000110010101011100011
In base 14, what is 1 + -3d00a84?
-3d00a83
In base 7, what is -23 - 26202542?
-26202565
In base 13, what is 64a726 - -b?
64a734
In base 14, what is 79 + 63b6c?
63c07
In base 4, what is -200010 + -2103?
-202113
In base 11, what is a3155 - -22?
a3177
In base 15, what is 2dc182 - 1?
2dc181
In base 5, what is -3 - -1100212204?
1100212201
In base 11, what is -55 + -a50771?
-a50816
In base 11, what is -2808 - -26696?
23989
In base 9, what is 687 - 5274?
-4476
In base 3, what is 22202100020 - 1022112?
22201000201
In base 15, what is 9d35b - 95?
9d2b6
In base 15, what is -3 - -4ae67b?
4ae678
In base 15, what is -bd644c - 15?
-bd6462
In base 12, what is 318 - -2511?
2829
In base 5, what is -3014102430 - -1?
-3014102424
In base 11, what is 61 - -10092?
10143
In base 13, what is 5 + 658910?
658915
In base 8, what is 67430 + 6050?
75500
In base 14, what is -2ac5 + -23c1?
-50a6
In base 10, what is 1 + 2652715?
2652716
In base 2, what is 11 - 1101100010?
-1101011111
In base 10, what is -32 - -7214305?
7214273
In base 2, what is -111110100101100 + -11111111110100?
-1011110100100000
In base 13, what is 2aa - 1a13?
-1736
In base 11, what is -a02034 - 1?
-a02035
In base 6, what is 102223352212 + 3?
102223352215
In base 4, what is 1023132 + 12311010?
20000202
In base 4, what is 223212023 + -202?
223211221
In base 15, what is 5c - -4326e?
432cb
In base 15, what is 6d678 + -17?
6d661
In base 3, what is 2110010221022110 + 1011?
2110010221100121
In base 10, what is -18 - 279930?
-279948
In base 7, what is -11050362 - -12?
-11050350
In base 9, what is -28524382 - 5?
-28524387
In base 9, what is -813877 - -11?
-813866
In base 7, what is 2240 + -5004?
-2434
In base 9, what is -26863 - -663?
-26200
In base 9, what is 86 - -265227?
265324
In base 8, what is 1 + 7327276?
7327277
In base 2, what is -10010 - 1100111110001100101?
-1100111110001110111
In base 16, what is 5 - 26c0845?
-26c0840
In base 8, what is 440654123 + 0?
440654123
In base 10, what is -5 - -224794402?
224794397
In base 6, what is -135141224 - 20?
-135141244
In base 8, what is -165255155 - 23?
-165255200
In base 3, what is -202112011012102 + 12?
-202112011012020
In base 15, what is -237b + 3c8?
-1ea3
In base 11, what is -4 - -32084a4?
32084a0
In base 4, what is -2012210131 - 20?
-2012210211
In base 2, what is -10100100000001100111111 + -11101?
-10100100000001101011100
In base 2, what is 1 - 1110110011010101101101?
-1110110011010101101100
In base 11, wh